f v?
2, 5
Suppose -105 = -3*z + 237. What are the prime factors of z?
2, 3, 19
Suppose 3*z - 2*w = 2*w + 1, -2*z - 2*w = -24. Let v(o) = -o**3 + 8*o**2 - 4*o - 9. List the prime factors of v(z).
2, 3
Suppose s + 16 = 3*h - 41, -4*h = -s - 76. Suppose -h = -4*l + 25. What are the prime factors of l?
11
Let l(g) = -g**2 - 41*g - 46. List the prime factors of l(-29).
2, 151
Let x(w) = w**2 + w + 8. List the prime factors of x(-7).
2, 5
Suppose 15 = 4*s - 2*p - 11, -3*s + 2*p = -18. What are the prime factors of s/3*45/6?
2, 5
Suppose 0 = j + 3*j - 12. Suppose 3*w - 4*w = -j. List the prime factors of w.
3
Let v(q) be the first derivative of -q**4/4 + q**3/3 - q + 1. Let n = -8 - -6. List the prime factors of v(n).
11
Let c = -1 + -1. Let q be (c/(-8))/(1/28). List the prime factors of 2/((-3)/(1 - q)).
2
Let s = 93 - 61. What are the prime factors of s?
2
Suppose 5*m = -0*m - 20. List the prime factors of 2/2 - 132/m.
2, 17
Let v(u) = -u - 16. Let r be v(-14). What are the prime factors of (-19)/4*8/r?
19
Suppose -3*c + 2 = m, 2*m - 3*c = 7*m + 26. Let a = 18 + m. What are the prime factors of a?
11
Let c(z) = -z**2 - 2*z + 3. Let a be c(-5). Let j(m) = -8*m. Let g be j(3). Let q = a - g. What are the prime factors of q?
2, 3
Let f be 8/(-40) + (-1)/(-5). Suppose f = 4*g + 3*n - 65, -3*g + 8*g = 5*n + 55. What are the prime factors of g?
2, 7
Let v(i) = i**3 - i**2 + 5*i + 40. What are the prime factors of v(0)?
2, 5
Suppose 20 = s + 4*s. Suppose 2*p - p + s*i = 71, 0 = 5*p + 2*i - 337. Suppose 5*j + 22 = p. What are the prime factors of j?
3
Suppose 0*q + 3*q = -27. Let a = q - -4. Let p = a - -7. What are the prime factors of p?
2
Suppose -12 = 4*h, -5 = -4*c - 2*h - 3. Suppose m - 3*o - 2*o = -8, c*o = 5*m - 75. List the prime factors of m.
17
Suppose -9*q + 17*q - 568 = 0. List the prime factors of q.
71
Let t(s) = 64*s**2 + 3*s + 3. What are the prime factors of t(2)?
5, 53
Let g = -14 - -11. What are the prime factors of g*((-11)/3 - -3)?
2
Suppose 2*l + 7 = -11. Suppose 4*q - 6*q = 22. Let y = l - q. List the prime factors of y.
2
Let g = -93 - -137. List the prime factors of g.
2, 11
Let y be (-8 + 9)/(2/4). Suppose 5*p + 99 = z + 3*z, -p = -y*z + 51. What are the prime factors of z?
2, 13
Suppose -i - y + 0*y = -42, i + 3*y = 50. What are the prime factors of i?
2, 19
Suppose -2*s - 18 = -0*s. Let p(l) = -l**2 - 9*l + 3. Let c be p(s). Suppose -34 - 29 = -c*d. List the prime factors of d.
3, 7
Let i(r) = -r**2 + 7*r - 6. Let l be i(5). Suppose -x - 2*h - 26 = -l*x, -3*x - 2 = 5*h. What are the prime factors of x?
2, 3
Suppose 0 = 4*u - 10 - 86. List the prime factors of u.
2, 3
Let k = 3 - 0. What are the prime factors of k/9 - (-15)/9?
2
Let g(i) = 31*i**2 - i + 7. List the prime factors of g(2).
3, 43
Let a = 209 - 37. What are the prime factors of a?
2, 43
Suppose 3*m = -4*i + 227 + 250, -108 = -i + 3*m. What are the prime factors of i?
3, 13
List the prime factors of ((-2)/(-2) + -3)*-40.
2, 5
Let p(n) = -2*n + 16. Let s be p(12). What are the prime factors of 1/(-2) - 92/s?
11
Suppose -2*g + 20 = 4*s - 20, s - 4 = 0. What are the prime factors of g?
2, 3
Let q(w) = w**3 + 13*w**2 - 9*w - 10. Let u(o) = o**3 + 12*o**2 - 9*o - 10. Let p(s) = 3*q(s) - 4*u(s). What are the prime factors of p(-10)?
2, 5
Suppose -2*v + 7 = 1. Suppose 14 = v*m - r + 6*r, -4*m = -5*r - 42. List the prime factors of m.
2
Let f be (-1)/((-3)/12) - 0. Suppose -3*r = -f*r. Suppose -12 = -2*l - r*l. List the prime factors of l.
2, 3
Let y = 12 - 11. Let a = y - -30. List the prime factors of a.
31
Let v = 213 + -116. List the prime factors of v.
97
Let s = 82 + -44. List the prime factors of s.
2, 19
Suppose 0 = -3*i - 0*i - 4*f + 13, 0 = -5*i + 3*f - 17. List the prime factors of 28 - i*(-1 - -2).
29
Let k be -1 + (-1 - -7) + -1. Let o be (-221)/(-3) - 14/21. Suppose k*j = 4*f - 70 + 18, -3*j + o = 4*f. List the prime factors of f.
2
Let x(n) = -n + 1. Let o be x(-3). Suppose 2*f - o = 74. Let z = f - 28. What are the prime factors of z?
11
Let v(x) = x**3 - 10*x**2 + 11*x + 10. List the prime factors of v(9).
2, 7
Let r(b) = b**3 - b**2 - 8*b + 13. List the prime factors of r(4).
29
Let d be 3/(-6)*-1*-10. Let u = 0 - d. What are the prime factors of u?
5
Let a be -3*2*4/(-12). Suppose 4*m = -a*q + 44, 0*q - 4*m - 52 = -q. List the prime factors of q.
2
Let p(z) = 8*z**2 + 5*z - 2. List the prime factors of p(-3).
5, 11
Suppose 81 = 3*r - 90. What are the prime factors of r?
3, 19
Let g = -2 + -4. Let v be 2/3*9/2. Let w = v - g. List the prime factors of w.
3
List the prime factors of ((-8)/10)/(19/(-1140)).
2, 3
Let a = -66 + 96. What are the prime factors of a?
2, 3, 5
Let j(q) = -q**2 + 12*q - 2. Let p be j(11). Let c = 21 - p. List the prime factors of c.
2, 3
Let a be (0/(6/3))/(-1). Let i = 3 + a. List the prime factors of i.
3
Suppose p - 10 = 4*o, -3*p - 3*o = -6*p + 12. Suppose -5*x + 0*x + p*l = -20, -2*l - 16 = -4*x. Suppose -x*c = -c - 12. What are the prime factors of c?
2
Let v(g) = g + 85. Let d be 0*(-2 - -4)/(-2). Let w be v(d). Suppose 6*f - w = f. What are the prime factors of f?
17
Suppose 2*c + 12 = -c. Let a be 10/(c/(-2)*1). Suppose -5*b + 9*q - 4*q + 30 = 0, -4*b = -a*q - 22. List the prime factors of b.
2
Suppose 48 - 180 = -4*y. Suppose 3*r + 2*b - y = -0*r, 39 = 4*r + b. What are the prime factors of r?
3
Let o(v) = -v**3 + 2*v**2 + 5*v - 2. Suppose -5*y = -4*y - 3. Let h be o(y). Suppose -h*i = -4*z - 28 + 76, 3*i = -5*z + 60. What are the prime factors of z?
2, 3
Let u(d) = -d**2 - 5*d + 3. Let v be u(-6). Let y(t) = t**3 + 3*t**2 - 3*t + 3. List the prime factors of y(v).
2, 3
Suppose -2*y + z = 3*z - 154, 5*y - 3*z = 393. Suppose r + y = 3*r. What are the prime factors of r?
3, 13
Let z = 3 + 0. Let t be (-27)/(-9) + (-2 - -8). Let x = t - z. What are the prime factors of x?
2, 3
Let a = -4 + 9. Let m(t) be the first derivative of t**4/4 - 5*t**3/3 + t**2 - 6*t + 3. What are the prime factors of m(a)?
2
Suppose -3*l + 26 = -13. Let j(a) = -a + 3. Let z be j(0). Suppose y + l = 3*w, -8 = -4*w - 5*y + z. List the prime factors of w.
2
Suppose 0*v + 5 = 5*v - 5*p, -p = -5*v + 1. Suppose 3*x - 2*x - 3 = v. List the prime factors of x.
3
Let w(h) = -7*h - 7. List the prime factors of w(-8).
7
Let b(q) = -3*q**2 + 3*q - 2. Let n be b(2). Let x = -3 - n. Suppose d = -4*a - 8, -a + 3 = x*d - 14. What are the prime factors of d?
2
Let n(p) = p + 10. Let w(l) = -9. Let a(c) = -4*n(c) - 3*w(c). List the prime factors of a(-9).
23
Let a(f) = 3*f - 5. Let y be a(6). Suppose 2*u + d = -3 - 5, -y = u + 5*d. List the prime factors of (4 - u) + 2*-1.
5
Let s(v) = 5*v**3 - 3*v**2 - 2*v + 2. Let l be s(-2). What are the prime factors of (-2)/(-3 + (-134)/l)?
23
Suppose -4*q = 4*q - 40. What are the prime factors of q?
5
Let d = -1 + 1. Let l = 20 + -18. Let y = l - d. List the prime factors of y.
2
Let h = 137 - 75. What are the prime factors of h?
2, 31
Let d be -25 + (2 - 0) + -3. Let h = 36 + d. What are the prime factors of h?
2, 5
Suppose -q + 2*q + 3*h = 0, -2*h - 68 = -5*q. List the prime factors of 123/q + (-1)/4.
2, 5
Suppose -10 = -l - 4*l. Suppose 0 = -l*b + 5*q - 5, -5*b + 3*q + 19 = q. Suppose 3*h + b = 35. List the prime factors of h.
2, 5
Suppose 0 = -f + 2*f - 40. Suppose -w + 10 = -3*q, -q = 3*w - 0*q - f. What are the prime factors of w?
13
Suppose 0 = -5*j - 3*p + 440, 5*j - 223 - 217 = p. What are the prime factors of j?
2, 11
Let k = 20 + 48. What are the prime factors of k?
2, 17
Let w(k) = -2 + 6 - 2*k + 4 + 3*k. Let r be w(-8). List the prime factors of (3/2 + r)*12.
2, 3
List the prime factors of 8 + 0 - (0 + 1).
7
Suppose 0*z - 2*h = -3*z - 57, -h - 82 = 5*z. Let c = z - -30. What are the prime factors of c?
13
Let l(s) = -3*s - 22. What are the prime factors of l(-12)?
2, 7
Let d = -28 + 66. Let n = d - 22. What are the prime factors of n?
2
Let k(r) = -16*r**3 - 2 - 3*r + 3*r + 17*r**3 + r. What are the prime factors of k(2)?
2
Suppose -2*v = 5*q - 3*q + 2, -2*q + 3*v - 2 = 0. Let g be (2 + -6 - -1)*q. Suppose -x + 2 = -g. What are the prime factors of x?
5
Let d(g) = 11*g**2 + 4*g - 3. Let m(r) = -11*r**2 - 3*r + 2. Let p(j) = -2*d(j) - 3*m(j). Let h be 0/(-1) + (1 - 2). List the prime factors of p(h).
2, 5
Suppos